*w + 584*w - 47950 = 0. What are the prime factors of w?
5, 7, 137
Let i = 76 + -73. List the prime factors of 3 - (-42 - 3/i).
2, 23
Let p = -13729 - -26140. List the prime factors of p.
3, 7, 197
Suppose 8*c - 3*z = 13*c - 2522, 3*z = c - 490. Suppose -5270 = c*o - 507*o. List the prime factors of o.
2, 17, 31
Suppose 23*k - 5*k - 18 = 0. What are the prime factors of 2*(1*886/2)/k?
2, 443
Let d = 8413 - 4800. What are the prime factors of d?
3613
Suppose 4*a - 140 = 6*a. List the prime factors of ((-2)/3)/(a/42315).
13, 31
Let k = 1618 - 2521. Let u = k - -1493. What are the prime factors of u?
2, 5, 59
Suppose -g - 14 = 2*o + 3*g, 2*o = -g - 8. List the prime factors of o/(-9) - ((-382)/6 - 1).
5, 13
Let o(r) = 9772*r**2 - 23*r - 22. List the prime factors of o(-2).
2, 4889
Let u(a) = -48*a - 4. Let n be u(4). Let v be ((-22)/(-4))/(4/22 - 51/306). Let p = v + n. List the prime factors of p.
167
Suppose -42*o - 116 = -1124. Suppose o*f - 25*f = -c - 1731, 4*c = 12. What are the prime factors of f?
2, 3, 17
Suppose 19*s + 680 = 23*s. Let a = -371 + s. Let i = -111 - a. What are the prime factors of i?
2, 3, 5
Suppose h = 4*b - 4*h + 17, 2*b = -3*h + 19. Let m be 5*b*-5*15/(-50). List the prime factors of 10/((-9)/m*(-1)/3).
2, 5
Let r(z) be the first derivative of -z**2 - 68*z - 16. Let d(g) = -g - 34. Let i(o) = 5*d(o) - 3*r(o). List the prime factors of i(15).
7
Let c(p) = -2938*p - 2917. List the prime factors of c(-3).
5897
Let u = -65361 - -105882. What are the prime factors of u?
3, 13, 1039
Suppose 3*l - 5*y = 78492, 0 = 4*y + 463 - 451. List the prime factors of l.
7, 37, 101
Let a = -1954 + 6182. Suppose 0 = 5*t + 93 - a. What are the prime factors of t?
827
List the prime factors of (-18 - -114)/12 + 6/(-3) + 437.
443
Let l(y) = -4*y + 37. Let b be l(-17). Suppose 6*a + b = 11*a. List the prime factors of 1284/a + (-6)/42.
61
Suppose -5*u = 2*k - 94471, 0 = 4*u - 1235 + 1239. List the prime factors of k.
2, 3, 7873
Suppose 12*v - 17*v - 4*r = 7, 4*v - 4*r - 16 = 0. Suppose 0 = -3*u - 2*t - v, t - 4 = -4*u - 2. What are the prime factors of 5/(u/(-280)*-5)?
2, 5, 7
Let h(j) be the third derivative of 19*j**4/2 + 23*j**3/3 - 136*j**2. List the prime factors of h(5).
2, 593
Let u(d) = -9*d + 57. Let v be u(5). Let y(i) be the third derivative of -i**5/60 + 19*i**4/24 - 13*i**3/2 + 5*i**2. List the prime factors of y(v).
3, 5
Let x(a) = 6*a**2 - 49*a + 4. Let f be x(8). Let q(v) be the second derivative of -3*v**5/20 - 3*v**4/4 - v**3/3 + v**2 - v. What are the prime factors of q(f)?
2, 29
Let c(t) = t**2 - 9*t + 14. Let q be c(22). Let x = -259 + q. What are the prime factors of x?
41
Let b(a) = -a**2 - 7*a - 10. Let l be b(-6). Let k(m) = 1 - 4*m**3 + 2*m**3 + 6*m - 3*m**2 - 4*m - 5*m. List the prime factors of k(l).
3, 31
Let l be 30/(-7) + (-4)/42*-3. Let f(m) = 4*m + 18. Let p be f(l). Let h(j) = 38*j**2 - 2*j. What are the prime factors of h(p)?
2, 37
Let m(r) = -r**3 + 23*r**2 - 43*r + 21. Let s be m(21). Suppose 3*q + 5*k - 1392 = 9*k, s = 2*k + 6. List the prime factors of q.
2, 5, 23
Let q(o) = 6*o - 16. Let p be q(6). Let n = p + -20. Suppose 4*k - 268 + 28 = n. What are the prime factors of k?
2, 3, 5
Let v(u) be the second derivative of -u**4/12 - u**3/6 + 3*u**2/2 - 10*u. Let x be v(-8). Let a = -40 - x. What are the prime factors of a?
13
Let r(j) = 23*j**2 - 19*j - 77. List the prime factors of r(-8).
7, 13, 17
Suppose -3 = 3*p - 3*o + 15, 5*p - 4*o = -28. Let q(m) = -14*m**3 - 6*m - 19. What are the prime factors of q(p)?
17, 53
Let g(a) be the second derivative of a**5/20 + 13*a**4/12 - 10*a**3/3 - 15*a**2 + 13*a + 2. What are the prime factors of g(-12)?
2, 3, 59
Suppose 13*h - 48*h = -254275. List the prime factors of h.
5, 1453
Let f = 179 - 104. Let g = -71 + f. What are the prime factors of (-156)/7*-21*g/8?
2, 3, 13
Let t(w) = -w**3 + 5*w**2 + 2*w - 4. Let u be t(5). Let s be (-1)/(-3 + u + -4). What are the prime factors of (-77)/14*(s - 15)?
7, 11
Let f be 8/36 - ((-39792)/(-27))/8. Let y = f + 454. List the prime factors of y.
2, 3, 5
Let a be 5*(0 + 4)*(-6)/(-24). Suppose 6*v - 7*v + 6 = -5*x, a*v + 2*x = 111. List the prime factors of v.
3, 7
Suppose 0 = -10*v + 11*v - 3. Let f = 2 + v. Suppose 0 = p + 3*t - 8, -2*p + 0*t = f*t - 21. List the prime factors of p.
23
Let z be 1/(5/(-318)) - (-12)/20. Let p = z - -66. Suppose p*v = -4*c + 444, c + 4*v = 6*c - 586. What are the prime factors of c?
2, 3, 19
Suppose 3*k = -l + 9468, -3*k + 11953 - 2479 = 3*l. List the prime factors of k.
5, 631
Let p(d) = 1292*d**2 + 60*d + 169. What are the prime factors of p(-6)?
11, 4211
Let s(h) = h**3 - 22*h**2 + 58*h + 16. Let b be s(19). Suppose -b*r + 19516 = -r. What are the prime factors of r?
2, 7, 41
What are the prime factors of ((-155937240)/520)/(-37) - ((-18)/(-39))/(-3)?
5, 1621
Let a(w) = w**3 + 35*w**2 + 67*w + 82. What are the prime factors of a(-30)?
2, 643
Let c = 1665 - 983. Let u = 123 + c. List the prime factors of u.
5, 7, 23
Let j(s) = 22*s**2 - 100*s + 153. Let c(p) = 35*p**2 - 150*p + 230. Let o(m) = 5*c(m) - 8*j(m). List the prime factors of o(29).
5, 107
Suppose 41*v = 84 + 203. Suppose v*f = 1511 + 64. What are the prime factors of f?
3, 5
Suppose 0*k + 3 = -k - 5*p, 38 = 4*k - 5*p. Let u(r) be the first derivative of r**4/4 - r**3 + r**2 - 16*r - 18. List the prime factors of u(k).
2, 97
What are the prime factors of (-42)/(-525) - (-534519)/75?
7127
Let b(f) = -f**3 + 9*f**2 + 18*f - 1. Let h be 900/65 - 5 - 2/(-13). List the prime factors of b(h).
7, 23
Suppose -a - 114 = 31. Let c = a + 348. Let g = c + -51. List the prime factors of g.
2, 19
Suppose -u = 2*t - 13845 - 1238, 0 = 5*t + 2*u - 37711. What are the prime factors of t?
3, 5, 503
Let y(z) = -z**3 + 41*z**2 + 133*z - 20. List the prime factors of y(-7).
3, 467
Let n(d) = 208*d**2 + 142*d - 934. List the prime factors of n(7).
2, 11, 233
What are the prime factors of 8/(-28) + (-797)/(-1)*627/231?
3, 7, 103
What are the prime factors of 30/275*-5 - 4319208/(-66)?
2, 3, 13, 839
Let h(s) = 11*s**3 + s**2 - s - 2. Let b = -28 + 27. Let a be h(b). What are the prime factors of ((-13)/13)/(a/5 - -2)?
5
Let w be (-7336)/(-672) + (-1)/(-12). Suppose 0 = 2*u + u - 63. What are the prime factors of u*w/((-22)/(-28))?
2, 3, 7
Suppose z - 18 = -4. Suppose 2*f = -5*q + z, -3*f = -5*f + 4. Suppose -r + 2*c + q = -0*c, -3*r = 3*c - 42. List the prime factors of r.
2, 5
Let x = -274 + -14. Let y = 614 + x. List the prime factors of y.
2, 163
Suppose -5*o - 15 = -2*a, -7*a + 6*a + 10 = -5*o. Let j be 9 + (-5)/(20/(-24)). Suppose 3*d - j = 0, -489 - 261 = -a*b + 2*d. List the prime factors of b.
2, 19
Let o(i) be the second derivative of i**4/12 - 7*i**3/2 - 19*i**2/2 - 26*i. Let u be o(18). Let j = u - -222. List the prime factors of j.
149
Suppose 0 = -4*p + 12, 2*w - p - 64860 - 11217 = 0. List the prime factors of w.
2, 3, 5, 317
Let z be (-2)/(-4) + (-18)/(-4). Suppose -4*c + 2*c = -z*v + 991, c = -v + 194. What are the prime factors of v?
197
Let h = 2 + -2. Let d(l) = 2*l**3 - 773 - 3*l + 2*l - 3*l**3 + 854. List the prime factors of d(h).
3
Suppose 3*r - 499*g - 70971 = -496*g, 4*g = -4*r + 94620. List the prime factors of r.
2, 2957
Suppose -4*l - 29693 = -3*a, -4*a + 413*l + 39574 = 411*l. What are the prime factors of a?
3, 7, 157
Let o be 2 + -2 - 3*(2 + -3). Let c(h) = 4 + 6*h + 2*h**3 - 2 - o - 4*h. What are the prime factors of c(1)?
3
Let h be 100/2*(-3 + (-21)/(-14)). Let s = h + 53. List the prime factors of -1 - (s + (-1 - 0) + 2).
2, 5
Suppose 35*f + 1705 - 88120 = 0. Let n = 3712 - f. What are the prime factors of n?
11, 113
Suppose 4*g = 16*u - 17*u + 1863, 1857 = u + 2*g. Suppose -4*y = 2*a - 1482, 2*y - 2*a + u = 7*y. What are the prime factors of y?
3, 41
Let g(o) = 2*o**3 - 2*o**2 - 3*o + 2. Let a be g(2). Let s be (a/(-2))/((-8)/(-316)). Let c = s - -158. List the prime factors of c.
79
Suppose 0 = -5*h + 85 - 55, 4*h = -5*z + 32664. List the prime factors of z.
2, 3, 17
Let z be (15/36*-3)/(4/(-16)). Suppose -5*v + 1967 = -2*v + d, 0 = -z*v - 3*d + 3273. List the prime factors of v.
3, 73
Suppose -5*l - 17223 = -q, 5*q - 4*l = 116716 - 30454. What are the prime factors of q?
2, 8629
Suppose -8*s = -89631 - 10897. What a